{"id":57,"date":"2017-11-10T00:24:44","date_gmt":"2017-11-09T23:24:44","guid":{"rendered":"https:\/\/bezdecin-mb.cz\/blog\/?page_id=57"},"modified":"2025-04-22T09:28:03","modified_gmt":"2025-04-22T09:28:03","slug":"klubovna","status":"publish","type":"page","link":"https:\/\/bezdecin-mb.cz\/index.php\/klubovna\/","title":{"rendered":"Klubovna"},"content":{"rendered":"<h2>Provoz klubovny<\/h2>\r\n<p>Klubovnu si je mo\u017eno zap\u016fj\u010dit na po\u0159\u00e1d\u00e1n\u00ed soukrom\u00fdch akc\u00ed za p\u0159\u00edsp\u011bvek 500,-K\u010d \/ v\u00edkend.<br \/>Zap\u016fj\u010den\u00ed je mo\u017en\u00e9 pouze pro obyvatele Bezd\u011b\u010d\u00edna.<br \/>T\u00e9\u017e je mo\u017eno zamluvit p\u00e1rty stan za p\u0159\u00edsp\u011bvek 500,- K\u010d<br \/>Vybran\u00e9 pen\u00edze jsou pou\u017e\u00edv\u00e1ny na n\u00e1kup \u00faklidov\u00fdch prost\u0159edk\u016f, drobn\u00e9ho vybaven\u00ed klubovny, na \u017eivotn\u00ed jubilea a d\u011btsk\u00fd den.<br \/>Klubovnu je t\u0159eba p\u0159edem zamluvit u spr\u00e1vce klubovny L. \u0160evely<\/p>\r\n","protected":false},"excerpt":{"rendered":"<p>Provoz klubovny Klubovnu si je mo\u017eno zap\u016fj\u010dit na po\u0159\u00e1d\u00e1n\u00ed soukrom\u00fdch akc\u00ed za p\u0159\u00edsp\u011bvek 500,-K\u010d \/ v\u00edkend.Zap\u016fj\u010den\u00ed je mo\u017en\u00e9 pouze pro obyvatele Bezd\u011b\u010d\u00edna.T\u00e9\u017e je mo\u017eno zamluvit p\u00e1rty stan za p\u0159\u00edsp\u011bvek 500,- K\u010dVybran\u00e9 pen\u00edze jsou pou\u017e\u00edv\u00e1ny na n\u00e1kup \u00faklidov\u00fdch prost\u0159edk\u016f, drobn\u00e9ho vybaven\u00ed klubovny, na \u017eivotn\u00ed jubilea a d\u011btsk\u00fd den.Klubovnu je t\u0159eba p\u0159edem zamluvit u spr\u00e1vce klubovny L. \u0160evely<\/p>\n","protected":false},"author":1,"featured_media":0,"parent":0,"menu_order":0,"comment_status":"closed","ping_status":"closed","template":"","meta":{"footnotes":""},"class_list":["post-57","page","type-page","status-publish","hentry"],"jetpack_sharing_enabled":true,"post_mailing_queue_ids":[],"_links":{"self":[{"href":"https:\/\/bezdecin-mb.cz\/index.php\/wp-json\/wp\/v2\/pages\/57","targetHints":{"allow":["GET"]}}],"collection":[{"href":"https:\/\/bezdecin-mb.cz\/index.php\/wp-json\/wp\/v2\/pages"}],"about":[{"href":"https:\/\/bezdecin-mb.cz\/index.php\/wp-json\/wp\/v2\/types\/page"}],"author":[{"embeddable":true,"href":"https:\/\/bezdecin-mb.cz\/index.php\/wp-json\/wp\/v2\/users\/1"}],"replies":[{"embeddable":true,"href":"https:\/\/bezdecin-mb.cz\/index.php\/wp-json\/wp\/v2\/comments?post=57"}],"version-history":[{"count":9,"href":"https:\/\/bezdecin-mb.cz\/index.php\/wp-json\/wp\/v2\/pages\/57\/revisions"}],"predecessor-version":[{"id":367,"href":"https:\/\/bezdecin-mb.cz\/index.php\/wp-json\/wp\/v2\/pages\/57\/revisions\/367"}],"wp:attachment":[{"href":"https:\/\/bezdecin-mb.cz\/index.php\/wp-json\/wp\/v2\/media?parent=57"}],"curies":[{"name":"wp","href":"https:\/\/api.w.org\/{rel}","templated":true}]}}